2611090?
2, 5, 1261109
List the prime factors of 4044929.
7, 17, 19, 1789
List the prime factors of 10456222.
2, 7, 746873
List the prime factors of 16176532.
2, 271, 14923
What are the prime factors of 24218404?
2, 7, 17, 83, 613
What are the prime factors of 1690091?
13, 29, 4483
List the prime factors of 27414599.
29, 945331
What are the prime factors of 820881?
3, 30403
List the prime factors of 118360.
2, 5, 11, 269
What are the prime factors of 12233064?
2, 3, 17, 29983
List the prime factors of 10183693.
13, 783361
List the prime factors of 44758962.
2, 3, 41, 60649
What are the prime factors of 93277?
37, 2521
What are the prime factors of 140485?
5, 28097
What are the prime factors of 678945?
3, 5, 45263
What are the prime factors of 2117099?
2117099
List the prime factors of 5382.
2, 3, 13, 23
List the prime factors of 2724682.
2, 1362341
What are the prime factors of 2996045?
5, 13, 46093
What are the prime factors of 4582210?
2, 5, 73, 6277
List the prime factors of 20354.
2, 10177
What are the prime factors of 4561127?
41, 53, 2099
What are the prime factors of 901999?
7, 128857
What are the prime factors of 1910294?
2, 955147
List the prime factors of 689459.
689459
What are the prime factors of 461441?
461441
What are the prime factors of 5345843?
5345843
What are the prime factors of 7762845?
3, 5, 23, 22501
List the prime factors of 1927451.
41, 53, 887
List the prime factors of 813773.
17, 47869
List the prime factors of 549015.
3, 5, 17, 2153
List the prime factors of 212321.
241, 881
What are the prime factors of 187400?
2, 5, 937
What are the prime factors of 301142?
2, 150571
What are the prime factors of 1329849?
3, 147761
What are the prime factors of 2615277?
3, 7, 17791
List the prime factors of 75105.
3, 5, 1669
List the prime factors of 2406187.
7, 263, 1307
List the prime factors of 301838.
2, 150919
What are the prime factors of 415782?
2, 3, 23099
What are the prime factors of 12832249?
2113, 6073
List the prime factors of 487104.
2, 3, 43, 59
What are the prime factors of 1820725?
5, 67, 1087
What are the prime factors of 1890846?
2, 3, 73, 1439
List the prime factors of 4181737.
7, 597391
List the prime factors of 16642772.
2, 79, 52667
List the prime factors of 42487.
42487
List the prime factors of 461935.
5, 92387
What are the prime factors of 6315100?
2, 5, 11, 5741
List the prime factors of 6409668.
2, 3, 293, 1823
What are the prime factors of 30909548?
2, 7727387
List the prime factors of 9193770.
2, 3, 5, 17, 2003
What are the prime factors of 408605?
5, 71, 1151
What are the prime factors of 34063478?
2, 17, 601, 1667
What are the prime factors of 1591607?
29, 71, 773
List the prime factors of 316743.
3, 7, 15083
List the prime factors of 194102.
2, 37, 43, 61
List the prime factors of 4066365.
3, 5, 173, 1567
List the prime factors of 414900.
2, 3, 5, 461
List the prime factors of 644811.
3, 59, 3643
What are the prime factors of 123158?
2, 7, 19, 463
List the prime factors of 1133927.
101, 103, 109
List the prime factors of 1432980.
2, 3, 5, 19, 419
List the prime factors of 394563.
3, 13, 67, 151
List the prime factors of 5677123.
31, 367, 499
List the prime factors of 279316.
2, 69829
What are the prime factors of 654769?
563, 1163
What are the prime factors of 3664522?
2, 1832261
List the prime factors of 19513752.
2, 3, 23, 29, 53
What are the prime factors of 57997?
59, 983
What are the prime factors of 6107906?
2, 7, 436279
What are the prime factors of 32858384?
2, 13, 41, 3853
List the prime factors of 263650.
2, 5, 5273
List the prime factors of 2564.
2, 641
What are the prime factors of 4099764?
2, 3, 341647
What are the prime factors of 401192?
2, 11, 47, 97
What are the prime factors of 2897764?
2, 724441
List the prime factors of 632656.
2, 39541
What are the prime factors of 1930168?
2, 241271
List the prime factors of 2297517.
3, 41, 18679
What are the prime factors of 23480567?
11, 137, 15581
What are the prime factors of 583637?
31, 67, 281
What are the prime factors of 91111?
179, 509
List the prime factors of 852828.
2, 3, 71069
What are the prime factors of 2067849?
3, 7, 521
List the prime factors of 931633.
499, 1867
What are the prime factors of 238739?
181, 1319
What are the prime factors of 4287782?
2, 37, 57943
List the prime factors of 16512200.
2, 5, 82561
List the prime factors of 126974.
2, 63487
What are the prime factors of 1602180?
2, 3, 5, 23, 43
List the prime factors of 2241917.
2241917
What are the prime factors of 100438?
2, 13, 3863
What are the prime factors of 8796796?
2, 41, 53639
List the prime factors of 2349701.
2349701
What are the prime factors of 2183352?
2, 3, 29, 3137
What are the prime factors of 1872818?
2, 757, 1237
List the prime factors of 2352320.
2, 5, 7351
What are the prime factors of 2724558?
2, 3, 83, 5471
List the prime factors of 38965758.
2, 3, 13, 607, 823
What are the prime factors of 318986?
2, 349, 457
List the prime factors of 7666798.
2, 181, 21179
What are the prime factors of 1856853?
3, 193, 1069
What are the prime factors of 2865182?
2, 1432591
What are the prime factors of 1317055?
5, 263411
List the prime factors of 23615184.
2, 3, 491983
List the prime factors of 2996448.
2, 3, 7, 13
What are the prime factors of 4668493?
59, 67, 1181
What are the prime factors of 262052?
2, 7, 191
What are the prime factors of 2389546?
2, 317, 3769
List the prime factors of 2150002.
2, 19, 29, 1951
List the prime factors of 6211948.
2, 1552987
What are the prime factors of 168679?
7, 24097
List the prime factors of 185028.
2, 3, 17, 907
What are the prime factors of 1740974?
2, 47, 18521
What are the prime factors of 2644909?
199, 13291
What are the prime factors of 7611?
3, 43, 59
What are the prime factors of 987948?
2, 3, 13, 2111
What are the prime factors of 55549?
13, 4273
List the prime factors of 9328477.
37, 53, 67, 71
List the prime factors of 8869951.
8869951
List the prime factors of 20820225.
3, 5, 277603
List the prime factors of 26981135.
5, 1117, 4831
List the prime factors of 4277837.
4277837
What are the prime factors of 4325553?
3, 29, 16573
What are the prime factors of 12030031?
13, 925387
What are the prime factors of 14459839?
41, 127, 2777
What are the prime factors of 148518?
2, 3, 37, 223
List the prime factors of 6310725.
3, 5, 84143
List the prime factors of 10152110.
2, 5, 73, 13907
List the prime factors of 12185042.
2, 19, 320659
List the prime factors of 2282288.
2, 67, 2129
List the prime factors of 457109.
41, 11149
List the prime factors of 895112.
2, 41, 2729
List the prime factors of 280758.
2, 3, 73, 641
List the prime factors of 1298670.
2, 3, 5, 73, 593
List the prime factors of 3360432.
2, 3, 70009
What are the prime factors of 231922?
2, 61, 1901
List the prime factors of 6192502.
2, 3096251
List the prime factors of 3820317.
3, 577, 2207
What are the prime factors of 638399?
79, 8081
What are the prime factors of 340176?
2, 3, 19, 373
What are the prime factors of 3800736?
2, 3, 53, 83
List the prime factors of 1715317.
17, 23, 41, 107
What are the prime factors of 89699?
19, 4721
List the prime factors of 491750.
2, 5, 7, 281
List the prime factors of 151204.
2, 103, 367
List the prime factors of 2419812.
2, 3, 67217
What are the prime factors of 463076?
2, 115769
What are the prime factors of 256789?
13, 19753
List the prime factors of 4329153.
3, 109, 1471
What are the prime factors of 154071?
3, 17, 19, 53
What are the prime factors of 32807190?
2, 3, 5, 13, 84121
What are the prime factors of 36227222?
2, 18113611
List the prime factors of 191681.
7, 139, 197
What are the prime factors of 6854689?
17, 31, 13007
What are the prime factors of 267585?
3, 5, 17839
List the prime factors of 249760.
2, 5, 7, 223
List the prime factors of 7974683.
17, 469099
What are the prime factors of 3774845?
5, 754969
List the prime factors of 18006.
2, 3, 3001
List the prime factors of 107870.
2, 5, 7, 23, 67
What are the prime factors of 611036?
2, 173, 883
What are the prime factors of 30659952?
2, 3, 181, 3529
List the prime factors of 2801910.
2, 3, 5, 59, 1583
What are the prime factors of 20452893?
3, 6817631
List the prime factors of 340074.
2, 3, 7, 2699
What are the prime factors of 487113?
3, 11,